t common divisor of u and 21?
21
Let b be ((-14)/28)/(3 + (-489)/162). What is the greatest common divisor of 243 and b?
27
Let h be 8 - 2/(0 - -1). Let f(x) = 11*x**2 + h - 2*x - 2*x - 10*x**2. Let v be f(6). What is the greatest common factor of 18 and v?
18
Let u be (11 - -69) + (-30)/5. What is the highest common factor of 1702 and u?
74
Let o = -3 - -28. Let i be 2 - (1 + -2 + 1 + -3). What is the greatest common divisor of o and i?
5
Let m = -16 + 38. Suppose f + 3 - 9 = 0. Let q be (-2)/f - (-3174)/18. Calculate the highest common factor of m and q.
22
Suppose -s - 5 = -0*s, -3*s - 1806 = 3*o. Let k be (-5)/15 - (o/9 + 0). Calculate the greatest common factor of k and 165.
33
Let i(l) = 2*l + 12. Let o(f) = f + 6. Let x be o(3). Let n be i(x). What is the greatest common divisor of 270 and n?
30
Suppose -k + 5 = -3*r, 5*k - 4*r = -19 + 77. Suppose -3*d - 16 + 247 = 0. Let o be 979/d + 4/k. What is the greatest common factor of o and 65?
13
Suppose 13*l - 56 = 74. Calculate the highest common factor of 130 and l.
10
Let u be (1 + 1*-2)*-1. Let l = -252 + 302. Let n be (u/2)/(1/l). What is the highest common factor of n and 200?
25
Let u be 13/4 - 1*(-1)/(-4). What is the highest common factor of u and 24?
3
Let c = -18 + 9. Let a be 7 - (-390)/(-54) - 164/c. Calculate the highest common divisor of a and 4.
2
Let i = -110 + 115. Suppose 14 - 1 = a + i*q, q + 7 = a. What is the highest common factor of a and 10?
2
Suppose -3*n + 6 = 0, 9*n - 4 = -a + 10*n. What is the greatest common divisor of a and 15?
3
Suppose -2*f = -5*y - 38, 3*f + 0*f = -y + 74. What is the greatest common factor of f and 156?
12
Let q be 4/2 - (0 + 0). Suppose q*v = v + 85. Suppose 0 = 7*u + u - 136. Calculate the greatest common divisor of u and v.
17
Suppose p + 12*p = 312. What is the highest common divisor of p and 21?
3
Suppose -3*z - 6*r + 100 = -7*r, -4*r = -5*z + 162. Calculate the highest common factor of z and 289.
17
Suppose 2*u - 3193 = -4*q + 461, 4*q = -4*u + 3660. Calculate the highest common factor of q and 38.
38
Let d(k) = 2*k - 8. Let t be d(10). Suppose t*m - 60 = 9*m. Calculate the highest common factor of 10 and m.
10
Suppose 0*p - 2*p = -14. Let x be -13*(21/2)/p*-6. What is the highest common factor of 13 and x?
13
Let m = 2658 + -1594. What is the highest common divisor of m and 399?
133
Suppose -w = 3*w. Let m be 11 + w/(9/(-3)). Let c(l) = 101*l**2 - 2. Let b be c(-1). Calculate the greatest common factor of b and m.
11
Let h be -14 + 92 + -6*(-1)/(-1). What is the highest common divisor of 1 and h?
1
Let c(b) = 2*b**3 + 19*b**2 + 13*b - 14. Let v be c(-7). Suppose -3*h + 2*h = -3*x - 43, 2*h + 5*x = 31. Calculate the greatest common factor of v and h.
28
Let y = -1241 - -1247. Suppose -1 = 5*u - 5*a - 41, -2*u = 4*a - 16. Calculate the greatest common divisor of u and y.
2
Let g be (-4)/(-18) - (-17620)/90. Suppose -12*y = -5*y - g. What is the greatest common factor of y and 14?
14
Let i = 2466 - 496. What is the highest common divisor of i and 10?
10
Suppose o - 2*g + 115 = 0, -4*g - 39 - 175 = 2*o. Let m = -71 - o. Calculate the highest common factor of m and 20.
20
Let d(x) = -9*x - 120. Let a be d(-16). Calculate the highest common factor of 600 and a.
24
Let o be 5*(1 - (0 - 0)). Suppose -3*y = -o*h - 127, -5*y - 75 = -h - 272. Calculate the highest common factor of y and 13.
13
Suppose -z + 1920 = 15*z. What is the greatest common divisor of 24 and z?
24
Let v be 17/(-1) - (2 - 2). Let q = 52 + v. What is the highest common factor of q and 315?
35
Let h be (-22)/(-11) + 1828 + 1*-6. What is the highest common factor of 114 and h?
114
Suppose -5*u + 6 = 4*o - 31, u + 4*o - 1 = 0. Suppose 194 = 4*h + 62. Let s = h - u. What is the greatest common divisor of s and 8?
8
Suppose 0 = -5*h - 3*i + 2 + 48, -19 = -2*h - i. What is the greatest common factor of 28 and h?
7
Let i be 19/((-38)/(-500)) + -6. What is the greatest common factor of i and 61?
61
Suppose -2*k = -7*k + 325. Let o be 299/k - 4/(-10). What is the greatest common divisor of 5 and o?
5
Let z = 12 - 12. Suppose z*k - 40 = -4*k. Suppose -3*j + 160 - 10 = 0. What is the greatest common divisor of k and j?
10
Let v(c) = -3*c**2 + 54*c + 14. Let t be v(18). Calculate the highest common divisor of t and 504.
14
Suppose -10*p = -6*p. Suppose 0*y + 2*y - 72 = p. Let a be (-1)/(6/(-72)) + -3. What is the highest common factor of y and a?
9
Let a be (3 + -21)*(-1460)/12. What is the greatest common divisor of a and 30?
30
Let w = 20 - 17. Suppose 3*p = 7*p - 3*u - 65, w*p - 55 = u. Calculate the highest common divisor of 40 and p.
20
Let z(h) = 84*h + 16. Let r be z(2). Suppose 2*b = 2*q - 2*b - 26, 5*b = -2*q + 71. Calculate the highest common factor of r and q.
23
Let f(o) = o + 6. Let t be f(-12). Let v be 1/(-2)*(6 + t). Suppose -6*g + v*g + 168 = 0. What is the highest common divisor of g and 14?
14
Suppose 0*s + 3*s = 0. Suppose 3*f + s*f = 66. Calculate the highest common factor of f and 55.
11
Let a(k) = -19*k - 146. Let y(f) = -4*f - 29. Let z(b) = -2*a(b) + 11*y(b). Let r be z(-8). Calculate the highest common factor of r and 189.
21
Let v(h) = -h**2 + 5*h + 7. Let p be v(6). Suppose -5*t = 2*t - 7. Let a be (14/10 - t)*70/28. What is the greatest common factor of p and a?
1
Let m(a) = -a + 9. Suppose 3*n = -9, -n + 3*n = -5*y + 14. Let l be m(y). Let f(z) = 12*z + 10. Let w be f(l). Calculate the highest common factor of 28 and w.
14
Let t = 13 - 9. Suppose -t*j - j - 5 = 0. Let k be (3 + (3 - 7))*j. What is the greatest common factor of 2 and k?
1
Let u(j) = -j**2 - 13*j - 3. Let v be u(-13). Let g be 1*(v + 3) + 192. Calculate the highest common divisor of 24 and g.
24
Suppose 531 = 5*a - 2*q, 5*a - 528 = -0*a + q. Suppose -2*h + 63 + 7 = 0. Calculate the highest common factor of h and a.
35
Let w(v) = 35*v**2 + 34*v + 1. Let g be w(2). What is the greatest common divisor of g and 198?
11
Suppose 0 = 3*l - 6, -t + 3*t - 136 = -2*l. Suppose x = -2*x + t. What is the highest common factor of 33 and x?
11
Let b(k) = 3*k**2 - 93*k + 16. Let r be b(31). What is the greatest common divisor of 304 and r?
16
Let z(o) = o**3 + 27*o**2 + o + 169. Let v be z(-27). What is the greatest common divisor of 6 and v?
2
Suppose 4*y + 1 = 5, -y = 5*a - 26. Suppose a*v + v = 1452. What is the highest common divisor of 22 and v?
22
Suppose -2*i = 3*h - 76, -5*h - i + 114 = -4*i. Let c = -33 - -60. Let b be (c/9)/(6/16). What is the greatest common factor of h and b?
8
Suppose 192 = d - 0*v - 2*v, 0 = -2*d - v + 374. Let h = d + -143. Calculate the highest common factor of 5 and h.
5
Let l = 1861 + -925. Suppose 0*q + 4*q = l. What is the highest common divisor of q and 26?
26
Suppose -11*q = -10518 + 10320. Let m = 22 + 32. Calculate the highest common divisor of m and q.
18
Let q(b) = -20*b + 586. Let k be q(28). Let w = 4 + 9. Calculate the greatest common divisor of w and k.
13
Let m = -51 - -71. Let u = -74 + 77. Suppose 0 = -u*r - 5*k + 565, 3*k - 880 = -5*r + 7*k. Calculate the greatest common factor of r and m.
20
Let b(v) = 4*v - 4*v - 7*v. Let u = 329 + -335. Let q be b(u). Calculate the greatest common factor of 14 and q.
14
Suppose 0 = -4*s + v - 50 - 77, 4*v - 145 = 5*s. Let p = s - -63. What is the greatest common factor of p and 240?
30
Suppose 0 = u + 2*u - 15. Suppose x + 72 = u*x. Suppose 3*l = -2*i - 0*l + 33, -2*i + 2*l = -x. What is the greatest common factor of i and 8?
4
Let d = 202 + -104. Let u(s) = -3*s + 2. Let f be u(10). Let g = 42 + f. Calculate the highest common factor of g and d.
14
Suppose 2*t + t = -5*v + 411, 0 = -4*v - 3*t + 327. Calculate the greatest common divisor of v and 224.
28
Let b = 4416 + -4413. Let n be 2*(-2)/(-8)*2. Calculate the greatest common divisor of n and b.
1
Let j(l) be the first derivative of 2*l**2 + 31*l + 43. Let a be j(-4). What is the greatest common divisor of 165 and a?
15
Let l(d) = -142*d - 611. Let i be l(-5). Suppose 0 = -5*p, 0*k + k + 5*p - 66 = 0. Calculate the greatest common divisor of i and k.
33
Suppose -24 + 84 = 5*x. Suppose 69 - 29 = 5*z. Calculate the highest common divisor of x and z.
4
Let i = 17 + -6. Suppose -2*t + 2*c + i = -t, 0 = -4*t - 3*c + 66. What is the greatest common factor of t and 20?
5
